e factors of 514985315.
5, 13, 7922851
List the prime factors of 54071058.
2, 3, 9011843
What are the prime factors of 240353472?
2, 3, 1251841
What are the prime factors of 4113180954?
2, 3, 29, 1289, 6113
What are the prime factors of 748532810?
2, 5, 47, 1592623
What are the prime factors of 34230856?
2, 11, 19, 59, 347
List the prime factors of 156329238.
2, 3, 13, 47, 42643
List the prime factors of 488488379.
488488379
What are the prime factors of 436385934?
2, 3, 8081221
List the prime factors of 9485322.
2, 3, 7, 11, 419
List the prime factors of 14134319.
83, 170293
What are the prime factors of 282210402?
2, 3, 173, 271879
What are the prime factors of 1015083056?
2, 13, 17, 19, 29, 521
List the prime factors of 5466239.
29, 188491
What are the prime factors of 27946595?
5, 113, 49463
What are the prime factors of 201022265?
5, 83, 691, 701
List the prime factors of 969693200.
2, 5, 7, 223, 1553
What are the prime factors of 1839016427?
1839016427
What are the prime factors of 512198503?
103, 401, 12401
List the prime factors of 2912642268.
2, 3, 761, 318949
What are the prime factors of 5506588439?
11, 17, 1459, 20183
What are the prime factors of 74066578?
2, 23, 239, 6737
List the prime factors of 26374067.
199, 132533
What are the prime factors of 445098146?
2, 14411, 15443
List the prime factors of 1600679251.
17, 94157603
List the prime factors of 3851541788.
2, 37, 251, 103681
What are the prime factors of 110240098?
2, 47, 173, 6779
What are the prime factors of 23299644?
2, 3, 23, 29, 41, 71
What are the prime factors of 315216364?
2, 41, 1153, 1667
What are the prime factors of 70004638?
2, 11, 3182029
What are the prime factors of 598991212?
2, 131, 1143113
List the prime factors of 640204571.
640204571
What are the prime factors of 963189661?
7, 37, 3718879
What are the prime factors of 451104640?
2, 5, 7, 100693
List the prime factors of 2107732775.
5, 103, 821, 997
List the prime factors of 207033750.
2, 3, 5, 7, 11, 239
List the prime factors of 38512502.
2, 7, 2750893
List the prime factors of 30203815.
5, 17, 355339
What are the prime factors of 113286000?
2, 3, 5, 79, 239
List the prime factors of 50952343.
13, 3919411
What are the prime factors of 469472697?
3, 17, 180497
List the prime factors of 1204902899.
16547, 72817
List the prime factors of 659712346.
2, 329856173
What are the prime factors of 67613330?
2, 5, 23, 73, 4027
List the prime factors of 113531178.
2, 3, 18921863
List the prime factors of 188497827.
3, 7, 997343
List the prime factors of 326725545.
3, 5, 21781703
List the prime factors of 117564469.
11, 17, 628687
List the prime factors of 1135119974.
2, 53, 1117, 9587
List the prime factors of 646801080.
2, 3, 5, 1783, 3023
List the prime factors of 55077103.
3529, 15607
What are the prime factors of 313916329?
29, 149, 72649
What are the prime factors of 218645766?
2, 3, 89, 136483
List the prime factors of 89546190.
2, 3, 5, 2984873
What are the prime factors of 32385508?
2, 37, 127, 1723
What are the prime factors of 46493797?
7, 948853
List the prime factors of 161643485.
5, 32328697
What are the prime factors of 261263893?
11, 23751263
List the prime factors of 120338977.
11, 41, 127, 191
List the prime factors of 7021529956.
2, 7, 139, 1804093
List the prime factors of 78550426.
2, 5683, 6911
List the prime factors of 50352706.
2, 127, 137, 1447
List the prime factors of 217465963.
11, 13, 19, 80039
What are the prime factors of 413244096?
2, 3, 157, 13709
What are the prime factors of 23648141?
11, 19, 113149
List the prime factors of 2561329.
61, 199, 211
What are the prime factors of 345520656?
2, 3, 13, 379, 487
List the prime factors of 857176827.
3, 13, 21978893
What are the prime factors of 27175?
5, 1087
List the prime factors of 363320615.
5, 7, 10380589
List the prime factors of 789547274.
2, 394773637
List the prime factors of 68067708.
2, 3, 41, 138349
List the prime factors of 354115152.
2, 3, 91079
What are the prime factors of 84696971?
23, 43, 85639
What are the prime factors of 92861934?
2, 3, 11, 37, 3457
List the prime factors of 2383073436.
2, 3, 198589453
List the prime factors of 167381750.
2, 5, 669527
What are the prime factors of 178323768?
2, 3, 7, 39313
List the prime factors of 6591135397.
7, 11, 19, 727, 6197
List the prime factors of 467201330.
2, 5, 1097, 42589
List the prime factors of 196331228.
2, 49082807
What are the prime factors of 1868180511?
3, 622726837
What are the prime factors of 579205965?
3, 5, 13, 2970287
What are the prime factors of 73727805?
3, 5, 67, 73361
What are the prime factors of 3472429177?
7, 496061311
List the prime factors of 426434130.
2, 3, 5, 4738157
List the prime factors of 1772517558.
2, 3, 7, 641, 65839
List the prime factors of 247544076.
2, 3, 13, 1586821
List the prime factors of 64523604.
2, 3, 61, 181, 487
List the prime factors of 366797622.
2, 3, 19, 491, 6553
What are the prime factors of 1424134287?
3, 158237143
What are the prime factors of 197208977?
7, 4024673
List the prime factors of 1734354219.
3, 13, 19, 180043
List the prime factors of 9327896.
2, 127, 9181
List the prime factors of 47362210.
2, 5, 7, 173, 3911
List the prime factors of 65916367.
11, 23, 260539
What are the prime factors of 23482197?
3, 79, 101, 109
List the prime factors of 13368402.
2, 3, 53, 173
List the prime factors of 208077054.
2, 3, 127, 273067
List the prime factors of 249514984.
2, 17, 1834669
List the prime factors of 36920584.
2, 4615073
What are the prime factors of 324757034?
2, 7, 127, 182653
What are the prime factors of 304911476?
2, 76227869
List the prime factors of 794555901.
3, 331, 266719
List the prime factors of 2153610249.
3, 7, 102552869
What are the prime factors of 914718301?
7, 149, 509, 1723
What are the prime factors of 338117119?
29, 41, 199, 1429
What are the prime factors of 4873017297?
3, 1624339099
List the prime factors of 2187930016.
2, 23, 2972731
List the prime factors of 697386097.
41, 2281, 7457
List the prime factors of 972405086.
2, 23, 31, 107, 6373
List the prime factors of 1255474387.
47, 26712221
List the prime factors of 551624625.
3, 5, 19, 131, 197
What are the prime factors of 19512080?
2, 5, 7, 34843
List the prime factors of 2442941162.
2, 71, 617, 27883
List the prime factors of 1785287602.
2, 7, 223, 571841
List the prime factors of 270859268.
2, 131, 516907
List the prime factors of 37906051.
191, 198461
List the prime factors of 22484532.
2, 3, 7, 38239
What are the prime factors of 1295642222?
2, 7, 29, 71, 6421
What are the prime factors of 220696744?
2, 27587093
List the prime factors of 37733190.
2, 3, 5, 11, 114343
List the prime factors of 750458271.
3, 1039, 240763
List the prime factors of 372782218.
2, 1607, 115987
What are the prime factors of 323523882?
2, 3, 11, 73, 829
List the prime factors of 56554181.
151, 374531
List the prime factors of 262899820.
2, 5, 571, 23021
List the prime factors of 90152423.
193, 251, 1861
What are the prime factors of 55279712?
2, 1727491
List the prime factors of 295158179.
19, 59, 251, 1049
What are the prime factors of 8074225750?
2, 5, 19, 1699837
List the prime factors of 77350330.
2, 5, 19, 421, 967
What are the prime factors of 1464866960?
2, 5, 18310837
List the prime factors of 543862514.
2, 13, 127, 164707
What are the prime factors of 94567715?
5, 11, 1719413
List the prime factors of 144290706.
2, 3, 7, 149, 23057
What are the prime factors of 74732789?
74732789
List the prime factors of 102710449.
53, 1937933
What are the prime factors of 3249097928?
2, 239, 1699319
What are the prime factors of 647057846?
2, 323528923
List the prime factors of 3226870634.
2, 13, 47, 877, 3011
What are the prime factors of 226448940?
2, 3, 5, 229, 16481
What are the prime factors of 5967865442?
2, 7, 11, 97, 36319
What are the prime factors of 39557965?
5, 1433, 5521
What are the prime factors of 896893704?
2, 3, 7, 349, 5099
List the prime factors of 213188157.
3, 7, 13, 149, 1747
List the prime factors of 131428510.
2, 5, 19, 691729
What are the prime factors of 33611009?
179, 1049
List the prime factors of 121932111.
3, 7, 307, 18913
List the prime factors of 894671433.
3, 37, 101, 8867
What are the prime factors of 42541310?
2, 5, 7, 1